{"id":46,"date":"2009-04-25T17:28:59","date_gmt":"2009-04-25T15:28:59","guid":{"rendered":"http:\/\/atelierdecreationlibertaire.com\/blogs\/images-de-libertaires\/?page_id=46"},"modified":"2009-05-02T21:03:12","modified_gmt":"2009-05-02T19:03:12","slug":"a-propos","status":"publish","type":"page","link":"http:\/\/atelierdecreationlibertaire.com\/blogs1\/images-de-libertaires\/a-propos\/","title":{"rendered":"A propos"},"content":{"rendered":"<p>D&rsquo;aucuns disent que l&rsquo;anarchie est n\u00e9e \u00e0 Lyon&#8230; nous n&rsquo;irons pas jusque-l\u00e0, mais les historiens savent que la ville de Lyon a jou\u00e9 un r\u00f4le important au sein des mouvements libertaires en France. Nous voudrions, par le biais de ce blog, proposer des images (de documents, de personnes, de manifestation, etc.) afin d&rsquo;illustrer cette histoire, mais aussi cr\u00e9er des liens entre les militant-e-s, chercheurs et toutes personnes voulant conna\u00eetre de pr\u00e8s un courant politique qui ne semble pas avoir dit son dernier mot.<br \/>\nNos premiers pas dans cette mise en image d&rsquo;une m\u00e9moire libertaire, ne va pas se faire en ordre chronologique, mais au gr\u00e9 des documents que nous recueillerons, et sachant que depuis plus de trente ans nous sommes actifs au sein du mouvement,\u00a0 ici \u00e0 Lyon, et avons pris du plaisir \u00e0 utiliser des appareils photographiques pour garder des traces&#8230;<\/p>\n<p>Nous vous invitons aussi \u00e0 nous <a title=\"Pour nous contacter\" href=\"http:\/\/atelierdecreationlibertaire.com\/blogs1\/images-de-libertaires\/nous-contacter\/\" target=\"_blank\">contacter <\/a>pour nous proposer vos photographies : nous serons heureux de les publier ici.<\/p>\n<div class=\"tweetthis\" style=\"text-align:left;\"><p> <a target=\"_blank\" rel=\"nofollow\" class=\"tt\" href=\"http:\/\/twitter.com\/home\/?status=A+propos+https%3A%2F%2Ftinyurl.com%2Fyptxlb83\" title=\"Post to Twitter\"><img decoding=\"async\" class=\"nothumb\" src=\"http:\/\/atelierdecreationlibertaire.com\/blogs1\/images-de-libertaires\/wp-content\/plugins\/tweet-this\/icons\/en\/twitter\/tt-twitter-micro3.png\" alt=\"Post to Twitter\" \/><\/a><\/p><\/div>","protected":false},"excerpt":{"rendered":"<p>D&rsquo;aucuns disent que l&rsquo;anarchie est n\u00e9e \u00e0 Lyon&#8230; nous n&rsquo;irons pas jusque-l\u00e0, mais les historiens savent que la ville de Lyon a jou\u00e9 un r\u00f4le important au sein des mouvements libertaires en France. Nous voudrions, par le biais de ce blog, proposer des images (de documents, de personnes, de manifestation, etc.) afin d&rsquo;illustrer cette histoire, &hellip; <\/p>\n<p class=\"link-more\"><a href=\"http:\/\/atelierdecreationlibertaire.com\/blogs1\/images-de-libertaires\/a-propos\/\" class=\"more-link\">Continuer la lecture<span class=\"screen-reader-text\"> de &laquo;&nbsp;A propos&nbsp;&raquo;<\/span><\/a><\/p>\n","protected":false},"author":1,"featured_media":0,"parent":0,"menu_order":0,"comment_status":"open","ping_status":"open","template":"","meta":{"footnotes":""},"_links":{"self":[{"href":"http:\/\/atelierdecreationlibertaire.com\/blogs1\/images-de-libertaires\/wp-json\/wp\/v2\/pages\/46"}],"collection":[{"href":"http:\/\/atelierdecreationlibertaire.com\/blogs1\/images-de-libertaires\/wp-json\/wp\/v2\/pages"}],"about":[{"href":"http:\/\/atelierdecreationlibertaire.com\/blogs1\/images-de-libertaires\/wp-json\/wp\/v2\/types\/page"}],"author":[{"embeddable":true,"href":"http:\/\/atelierdecreationlibertaire.com\/blogs1\/images-de-libertaires\/wp-json\/wp\/v2\/users\/1"}],"replies":[{"embeddable":true,"href":"http:\/\/atelierdecreationlibertaire.com\/blogs1\/images-de-libertaires\/wp-json\/wp\/v2\/comments?post=46"}],"version-history":[{"count":6,"href":"http:\/\/atelierdecreationlibertaire.com\/blogs1\/images-de-libertaires\/wp-json\/wp\/v2\/pages\/46\/revisions"}],"predecessor-version":[{"id":165,"href":"http:\/\/atelierdecreationlibertaire.com\/blogs1\/images-de-libertaires\/wp-json\/wp\/v2\/pages\/46\/revisions\/165"}],"wp:attachment":[{"href":"http:\/\/atelierdecreationlibertaire.com\/blogs1\/images-de-libertaires\/wp-json\/wp\/v2\/media?parent=46"}],"curies":[{"name":"wp","href":"https:\/\/api.w.org\/{rel}","templated":true}]}}

<p>D&rsquo;aucuns disent que l&rsquo;anarchie est née à Lyon&#8230; nous n&rsquo;irons pas jusque-là, mais les historiens savent que la ville de Lyon a joué un rôle important au sein des mouvements libertaires en France. Nous voudrions, par le biais de ce blog, proposer des images (de documents, de personnes, de manifestation, etc.) afin d&rsquo;illustrer cette histoire, mais aussi créer des liens entre les militant-e-s, chercheurs et toutes personnes voulant connaître de près un courant politique qui ne semble pas avoir dit son dernier mot.<br />
Nos premiers pas dans cette mise en image d&rsquo;une mémoire libertaire, ne va pas se faire en ordre chronologique, mais au gré des documents que nous recueillerons, et sachant que depuis plus de trente ans nous sommes actifs au sein du mouvement,  ici à Lyon, et avons pris du plaisir à utiliser des appareils photographiques pour garder des traces&#8230;</p>
<p>Nous vous invitons aussi à nous <a title="Pour nous contacter" href="http://atelierdecreationlibertaire.com/blogs1/images-de-libertaires/nous-contacter/" target="_blank">contacter </a>pour nous proposer vos photographies : nous serons heureux de les publier ici.</p>
<div class="tweetthis" style="text-align:left;"><p> <a target="_blank" rel="nofollow" class="tt" href="http://twitter.com/home/?status=A+propos+https%3A%2F%2Ftinyurl.com%2Fyptxlb83" title="Post to Twitter"><img decoding="async" class="nothumb" src="http://atelierdecreationlibertaire.com/blogs1/images-de-libertaires/wp-content/plugins/tweet-this/icons/en/twitter/tt-twitter-micro3.png" alt="Post to Twitter" /></a></p></div>

<p>D&rsquo;aucuns disent que l&rsquo;anarchie est née à Lyon&#8230; nous n&rsquo;irons pas jusque-là, mais les historiens savent que la ville de Lyon a joué un rôle important au sein des mouvements libertaires en France. Nous voudrions, par le biais de ce blog, proposer des images (de documents, de personnes, de manifestation, etc.) afin d&rsquo;illustrer cette histoire, &hellip; </p>
<p class="link-more"><a href="http://atelierdecreationlibertaire.com/blogs1/images-de-libertaires/a-propos/" class="more-link">Continuer la lecture<span class="screen-reader-text"> de &laquo;&nbsp;A propos&nbsp;&raquo;</span></a></p>
